{"id":4564,"date":"2020-11-26T13:58:42","date_gmt":"2020-11-26T16:58:42","guid":{"rendered":"http:\/\/sindoh.com.ar\/index.php\/sindoh-d311-a3-mfp-copy\/"},"modified":"2021-06-12T11:44:18","modified_gmt":"2021-06-12T14:44:18","slug":"sindoh-m612-a4-mfp","status":"publish","type":"page","link":"https:\/\/sindoh.com.ar\/index.php\/sindoh-m612-a4-mfp\/","title":{"rendered":"Sindoh M612 A4 MFP"},"content":{"rendered":"<p>[vc_row full_width=&#8221;stretch_row&#8221; el_id=&#8221;rs-faq&#8221; css=&#8221;.vc_custom_1505540764532{padding-top: 65px !important;padding-bottom: 65px !important;background-color: #f9f9f9 !important;}&#8221;][vc_column width=&#8221;1\/2&#8243; css=&#8221;.vc_custom_1603994337692{padding-right: 65px !important;}&#8221;][vc_column_text]<\/p>\n<h1 style=\"color: #60ad2b!important; font-family: 'Museo300'!important; font-size: 16px; font-weight: 400!important;\"><strong>Multifunci\u00f3n Sindoh <\/strong>M612 A4 MFP<\/h1>\n<p>[\/vc_column_text][vc_gallery interval=&#8221;3&#8243; images=&#8221;4566,4567&#8243;][\/vc_column][vc_column width=&#8221;1\/2&#8243;][vc_tta_accordion style=&#8221;outline&#8221; shape=&#8221;square&#8221; c_icon=&#8221;&#8221; active_section=&#8221;1&#8243;][vc_tta_section title=&#8221;DESCRIPCI\u00d3N&#8221; tab_id=&#8221;1603718120951-0fb404e7-e9a0&#8243;][vc_column_text]<\/p>\n<ul>\n<li>Velocidad de salida r\u00e1pida de 47 p\u00e1ginas por minuto<\/li>\n<li>Copia, Fax y Esc\u00e1ner de Color*<\/li>\n<li>Impresi\u00f3n Monocromo<\/li>\n<li>Resoluci\u00f3n 1200 x 1200<\/li>\n<li>5\u2033 pantalla t\u00e1ctil a color<\/li>\n<li>Rendimiento r\u00e1pido y silencioso<\/li>\n<li>Digitalizaci\u00f3n d\u00faplex est\u00e1ndar<\/li>\n<li>Wi-Fi est\u00e1ndar<\/li>\n<\/ul>\n<p>[\/vc_column_text][\/vc_tta_section][vc_tta_section title=&#8221;ESPECIFICACIONES&#8221; tab_id=&#8221;1603982765234-225349b4-eb7b&#8221;][vc_column_text]<\/p>\n<ul>\n<li class=\"li1\">Funci\u00f3n: Copia, impresi\u00f3n, escaneo, fax<\/li>\n<li class=\"li1\">Velocidad de impresi\u00f3n en A4:\u00a047ppm<\/li>\n<li class=\"li1\">Visualizaci\u00f3n: 5\u2033\u00a0con pantalla t\u00e1ctil a color<\/li>\n<li class=\"li1\">CPU: 800MHz (Quad Core)<\/li>\n<li class=\"li1\">Memoria: 1GB<\/li>\n<li class=\"li1\">Resoluci\u00f3n: 1,200 x 1,200dpi<\/li>\n<li class=\"li1\">Escaneo a Color: 40 PPM, 600 X 600 dpi<\/li>\n<li class=\"li1\">Duplex: Est\u00e1ndar<\/li>\n<li class=\"li1\">Gesti\u00f3n del papel: Alimentaci\u00f3n autom\u00e1tica 500-Hojas\/ Alimentaci\u00f3n manual 50-hojas<\/li>\n<li class=\"li1\">ADF Capacidad de apilado: 50-Hojas<\/li>\n<li class=\"li1\">Conectividad: USB 2.0, Red, Wi-Fi (defecto)<\/li>\n<li class=\"li1\">Lenguaje de impresi\u00f3n: PCL5e\/6, PS3, PDF<\/li>\n<li class=\"li1\">Tama\u00f1o (W x D x H in mm): 418 x 391 x 515mm<\/li>\n<li class=\"li1\">Peso (kg): 19.3 kg<\/li>\n<li><\/li>\n<\/ul>\n<p>[\/vc_column_text][\/vc_tta_section][\/vc_tta_accordion][\/vc_column][\/vc_row][vc_row full_width=&#8221;stretch_row&#8221; el_id=&#8221;rs-cta&#8221; el_class=&#8221;rs-cta&#8221; css=&#8221;.vc_custom_1511349801905{padding-top: 30px !important;padding-bottom: 35px !important;}&#8221;][vc_column width=&#8221;2\/3&#8243;][vc_custom_heading text=&#8221;\u00a1CONSULTANOS AHORA DESDE AC\u00c1!&#8221; font_container=&#8221;tag:h2|font_size:36px|text_align:left|color:%23ffffff&#8221; google_fonts=&#8221;font_family:Open%20Sans%3A300%2C300italic%2Cregular%2Citalic%2C600%2C600italic%2C700%2C700italic%2C800%2C800italic|font_style:400%20regular%3A400%3Anormal&#8221; css=&#8221;.vc_custom_1600523483011{margin-top: 0px !important;margin-bottom: 0px !important;padding-top: 0px !important;padding-bottom: 0px !important;}&#8221;][\/vc_column][vc_column width=&#8221;1\/3&#8243;][vc_btn title=&#8221;ENVIAR MENSAJE&#8221; style=&#8221;outline-custom&#8221; outline_custom_color=&#8221;#60ad2b&#8221; outline_custom_hover_background=&#8221;#60ad2b&#8221; outline_custom_hover_text=&#8221;#4caf50&#8243; shape=&#8221;square&#8221; align=&#8221;right&#8221; link=&#8221;url:%23||&#8221;][\/vc_column][\/vc_row]<\/p>\n","protected":false},"excerpt":{"rendered":"<p>[vc_row full_width=&#8221;stretch_row&#8221; el_id=&#8221;rs-faq&#8221; css=&#8221;.vc_custom_1505540764532{padding-top: 65px !important;padding-bottom: 65px !important;background-color: #f9f9f9 !important;}&#8221;][vc_column width=&#8221;1\/2&#8243; css=&#8221;.vc_custom_1603994337692{padding-right: 65px !important;}&#8221;][vc_column_text] Multifunci\u00f3n Sindoh M612 A4 MFP [\/vc_column_text][vc_gallery&#8230;<\/p>\n","protected":false},"author":1,"featured_media":0,"parent":0,"menu_order":0,"comment_status":"closed","ping_status":"closed","template":"","meta":{"inline_featured_image":false,"footnotes":""},"class_list":["post-4564","page","type-page","status-publish","hentry"],"_links":{"self":[{"href":"https:\/\/sindoh.com.ar\/index.php\/wp-json\/wp\/v2\/pages\/4564","targetHints":{"allow":["GET"]}}],"collection":[{"href":"https:\/\/sindoh.com.ar\/index.php\/wp-json\/wp\/v2\/pages"}],"about":[{"href":"https:\/\/sindoh.com.ar\/index.php\/wp-json\/wp\/v2\/types\/page"}],"author":[{"embeddable":true,"href":"https:\/\/sindoh.com.ar\/index.php\/wp-json\/wp\/v2\/users\/1"}],"replies":[{"embeddable":true,"href":"https:\/\/sindoh.com.ar\/index.php\/wp-json\/wp\/v2\/comments?post=4564"}],"version-history":[{"count":8,"href":"https:\/\/sindoh.com.ar\/index.php\/wp-json\/wp\/v2\/pages\/4564\/revisions"}],"predecessor-version":[{"id":4723,"href":"https:\/\/sindoh.com.ar\/index.php\/wp-json\/wp\/v2\/pages\/4564\/revisions\/4723"}],"wp:attachment":[{"href":"https:\/\/sindoh.com.ar\/index.php\/wp-json\/wp\/v2\/media?parent=4564"}],"curies":[{"name":"wp","href":"https:\/\/api.w.org\/{rel}","templated":true}]}}