{"id":1912,"date":"2017-11-02T10:26:47","date_gmt":"2017-11-02T10:26:47","guid":{"rendered":"http:\/\/192.168.0.106\/grassy\/?page_id=1912"},"modified":"2023-06-05T20:48:27","modified_gmt":"2023-06-05T23:48:27","slug":"home-two","status":"publish","type":"page","link":"https:\/\/sindoh.com.ar\/","title":{"rendered":"Sindoh. Partner CBC Group"},"content":{"rendered":"<p>[vc_row full_width=&#8221;stretch_row_content_no_spaces&#8221; css=&#8221;.vc_custom_1603992752128{margin-top: 0px !important;margin-bottom: 0px !important;padding-top: 0px !important;padding-bottom: 0px !important;}&#8221;][vc_column css=&#8221;.vc_custom_1503251047476{margin-top: 0px !important;margin-bottom: 0px !important;}&#8221;][rev_slider_vc alias=&#8221;homepage2&#8243;][\/vc_column][\/vc_row][vc_row css=&#8221;.vc_custom_1602651304030{padding-top: 65px !important;padding-bottom: 65px !important;}&#8221; el_id=&#8221;cbc-group&#8221; el_class=&#8221;rs-about&#8221;][vc_column width=&#8221;1\/2&#8243; css=&#8221;.vc_custom_1621705473975{padding-top: 3% !important;padding-right: 65px !important;}&#8221;][vc_single_image image=&#8221;4687&#8243; img_size=&#8221;full&#8221; alignment=&#8221;center&#8221; css=&#8221;.vc_custom_1621705307116{padding-top: 6% !important;}&#8221;][\/vc_column][vc_column width=&#8221;1\/2&#8243;][vc_column_text css=&#8221;.vc_custom_1686008894447{padding-top: 24px !important;}&#8221;]<\/p>\n<h1 style=\"color: #60ad2b!important; font-family: 'Museo300'!important; font-size: 16px; font-weight: 400!important;\">somos <strong>CBC Group<\/strong><\/h1>\n<p style=\"font-size: 14px; align: justify;\">Una empresa s\u00f3lida, en constante evoluci\u00f3n. Importadora y distribuidora oficial para toda la REPUBLICA ARGENTINA de toda la l\u00ednea <strong>Sindoh<\/strong>.<\/p>\n<p style=\"font-size: 14px; align: justify;\">Iniciamos actividades en el rubro de m\u00e1quinas de fotocopiado en julio de 1981. Desde entonces nos consolidamos como uno de los l\u00edderes del sector.<\/p>\n<p style=\"font-size: 14px; align: justify;\">A partir de Septiembre del 2005 certificamos todos nuestros procesos por las normas ISO 9001.<\/p>\n<p>[\/vc_column_text][vc_single_image image=&#8221;4691&#8243; img_size=&#8221;full&#8221; alignment=&#8221;center&#8221;][\/vc_column][\/vc_row][vc_row full_width=&#8221;stretch_row&#8221; el_id=&#8221;equipos&#8221; el_class=&#8221;rs-services spacing-sticky&#8221; css=&#8221;.vc_custom_1611066706142{padding-top: 55px !important;padding-bottom: 60px !important;background-color: #f9f9f9 !important;}&#8221;][vc_column][vc_column_text]<\/p>\n<h1 style=\"color: #60ad2b!important; font-family: 'Museo300'!important; font-size: 16px; font-weight: 400!important;\">Equipos <strong>Sindoh<\/strong><\/h1>\n<p>[\/vc_column_text][vc_row_inner][vc_column_inner width=&#8221;1\/4&#8243;]<div class=\"rs-services\"><div class=\"service-inner services-style-2  \">\r\n\t\t<div class=\"services-wrap\"> \r\n         <div class=\"services-item\">\r\n            <div class=\"services-icon\">\r\n                <img decoding=\"async\" src=\"https:\/\/sindoh.com.ar\/wp-content\/uploads\/2020\/11\/SINDOH-D311-A3-MFP-cbc-group-argentina-3.jpg\" alt=\"grassy-service\" \/>\r\n             <\/div>\r\n        \r\n\t\t<div class=\"services-desc\">\t\t\t\r\n\t\t\t<a class=\"vc_general vc_btn3 vc_btn3-size-md vc_btn3-shape-square vc_btn3-style-outline-custom\" style=\"border-color: #60ad2b; color: #fff; background-color: #60ad2b; font-family: Museo300;\" href=\"http:\/\/sindoh.com.ar\/index.php\/sindoh-d311-a3-mfp\/\">SINDOH D311 A3 MFP<\/a> \r\n\t\t<\/div>\t\t\r\n\t\t<\/div>\t\r\n\t<\/div>\r\n\t<h2 class=\"services-title services-title2\"><a href=\"http:\/\/sindoh.com.ar\/index.php\/sindoh-d311-a3-mfp\/\" title=\"\">SINDOH D311 A3 MFP<\/a><\/h2>\r\n\t<\/div><\/div>[\/vc_column_inner][vc_column_inner width=&#8221;1\/4&#8243;]<div class=\"rs-services\"><div class=\"service-inner services-style-2  \">\r\n\t\t<div class=\"services-wrap\"> \r\n         <div class=\"services-item\">\r\n            <div class=\"services-icon\">\r\n                <img decoding=\"async\" src=\"https:\/\/sindoh.com.ar\/wp-content\/uploads\/2020\/11\/sindoh-M612-A4-MFP-01.jpg\" alt=\"grassy-service\" \/>\r\n             <\/div>\r\n        \r\n\t\t<div class=\"services-desc\">\t\t\t\r\n\t\t\t<a class=\"vc_general vc_btn3 vc_btn3-size-md vc_btn3-shape-square vc_btn3-style-outline-custom\" style=\"border-color: #60ad2b; color: #fff; background-color: #60ad2b; font-family: Museo300;\" href=\"http:\/\/sindoh.com.ar\/index.php\/sindoh-m612-a4-mfp\/\">SINDOH M612 A4 MFP<\/a> \r\n\t\t<\/div>\t\t\r\n\t\t<\/div>\t\r\n\t<\/div>\r\n\t<h2 class=\"services-title services-title2\"><a href=\"http:\/\/sindoh.com.ar\/index.php\/fujitsu-escaneres-sp-series\/\" title=\"\">SINDOH M612 A4 MFP<\/a><\/h2>\r\n\t<\/div><\/div>[\/vc_column_inner][vc_column_inner width=&#8221;1\/4&#8243;]<div class=\"rs-services\"><div class=\"service-inner services-style-2  \">\r\n\t\t<div class=\"services-wrap\"> \r\n         <div class=\"services-item\">\r\n            <div class=\"services-icon\">\r\n                <img decoding=\"async\" src=\"https:\/\/sindoh.com.ar\/wp-content\/uploads\/2020\/11\/sindoh-n410-2.jpg\" alt=\"grassy-service\" \/>\r\n             <\/div>\r\n        \r\n\t\t<div class=\"services-desc\">\t\t\t\r\n\t\t\t<a class=\"vc_general vc_btn3 vc_btn3-size-md vc_btn3-shape-square vc_btn3-style-outline-custom\" style=\"border-color: #60ad2b; color: #fff; background-color: #60ad2b; font-family: Museo300;\" href=\"http:\/\/sindoh.com.ar\/index.php\/sindoh-n410-a3-mfp\/\">Sindoh N410 A3 MFP<\/a> \r\n\t\t<\/div>\t\t\r\n\t\t<\/div>\t\r\n\t<\/div>\r\n\t<h2 class=\"services-title services-title2\"><a href=\"http:\/\/sindoh.com.ar\/index.php\/sindoh-n410-a3-mfp\/\" title=\"\">Sindoh N410 A3 MFP<\/a><\/h2>\r\n\t<\/div><\/div>[\/vc_column_inner][vc_column_inner width=&#8221;1\/4&#8243;]<div class=\"rs-services\"><div class=\"service-inner services-style-2  \">\r\n\t\t<div class=\"services-wrap\"> \r\n         <div class=\"services-item\">\r\n            <div class=\"services-icon\">\r\n                <img decoding=\"async\" src=\"https:\/\/sindoh.com.ar\/wp-content\/uploads\/2020\/11\/Impresora-N460.png\" alt=\"grassy-service\" \/>\r\n             <\/div>\r\n        \r\n\t\t<div class=\"services-desc\">\t\t\t\r\n\t\t\t<a class=\"vc_general vc_btn3 vc_btn3-size-md vc_btn3-shape-square vc_btn3-style-outline-custom\" style=\"border-color: #60ad2b; color: #fff; background-color: #60ad2b; font-family: Museo300;\" href=\"http:\/\/sindoh.com.ar\/index.php\/sindoh-n613-a3-mfp\/\">SINDOH N613 A3 MFP<\/a> \r\n\t\t<\/div>\t\t\r\n\t\t<\/div>\t\r\n\t<\/div>\r\n\t<h2 class=\"services-title services-title2\"><a href=\"http:\/\/sindoh.com.ar\/index.php\/sindoh-n613-a3-mfp\/\" title=\"\">SINDOH N613 A3 MFP<\/a><\/h2>\r\n\t<\/div><\/div>[\/vc_column_inner][\/vc_row_inner][\/vc_column][\/vc_row][vc_row full_width=&#8221;stretch_row&#8221; el_id=&#8221;rs-cta&#8221; el_class=&#8221;rs-cta&#8221; css=&#8221;.vc_custom_1606413690672{padding-top: 30px !important;padding-bottom: 35px !important;background-color: #5fab22 !important;}&#8221;][vc_column width=&#8221;2\/3&#8243;][vc_custom_heading text=&#8221;\u00a1CONSULTANOS AHORA DESDE AC\u00c1!&#8221; font_container=&#8221;tag:h2|font_size:36px|text_align:left|color:%2360ad2b&#8221; google_fonts=&#8221;font_family:Open%20Sans%3A300%2C300italic%2Cregular%2Citalic%2C600%2C600italic%2C700%2C700italic%2C800%2C800italic|font_style:700%20bold%20regular%3A700%3Anormal&#8221; css=&#8221;.vc_custom_1621377193531{margin-top: 0px !important;margin-bottom: 0px !important;padding-top: 7px !important;padding-bottom: 0px !important;}&#8221; link=&#8221;url:%23|||&#8221;][\/vc_column][vc_column width=&#8221;1\/3&#8243; css=&#8221;.vc_custom_1515746130469{padding-bottom: 7px !important;}&#8221;][vc_btn title=&#8221;Enviar mensaje&#8221; style=&#8221;outline-custom&#8221; outline_custom_color=&#8221;#60ad2b&#8221; outline_custom_hover_background=&#8221;#60ad2b&#8221; outline_custom_hover_text=&#8221;#60ad2b&#8221; shape=&#8221;square&#8221; align=&#8221;right&#8221; link=&#8221;url:http%3A%2F%2Fsindoh.com.ar%2Findex.php%2Fcontacto%2F|title:Contacto||&#8221;][\/vc_column][\/vc_row][vc_row full_width=&#8221;stretch_row&#8221; css=&#8221;.vc_custom_1514098997828{padding-top: 35px !important;padding-bottom: 62px !important;background-color: #f9f9f9 !important;}&#8221;][vc_column][vc_column_text]<\/p>\n<h1 style=\"color: #60ad2b!important; font-family: 'Museo300'!important; font-size: 16px; font-weight: 400!important;\">\u00bfQu\u00e9 es <strong>Grupo CBC<\/strong>?<\/h1>\n<p>[\/vc_column_text][vc_video link=&#8221;https:\/\/www.youtube.com\/watch?v=b4rSllixZBI&#8221; align=&#8221;center&#8221; css=&#8221;.vc_custom_1686008906034{padding-top: 0px !important;padding-bottom: 0px !important;}&#8221;][\/vc_column][\/vc_row][vc_row full_width=&#8221;stretch_row&#8221; parallax=&#8221;content-moving&#8221; parallax_image=&#8221;4660&#8243; el_class=&#8221;rs-newsletter&#8221; css=&#8221;.vc_custom_1621374799858{padding-top: 60px !important;padding-bottom: 65px !important;background-image: url(http:\/\/sindoh.com.ar\/wp-content\/uploads\/2021\/05\/Sobre-Nosotros-Sindoh-scaled.jpg?id=4658) !important;}&#8221;][vc_column][vc_column_text]<\/p>\n<p style=\"text-align: center;\"><span style=\"color: #fff!important; font-family: 'Museo300'!important; font-size: 24px; font-weight: 400!important;\">Mantenete <strong>Actualizado<\/strong><\/span><br \/>\nSubscribite a nuestro Newsletter. S\u00f3lo con informaci\u00f3n relevante.\u00a0 <\/p>\n<p>[\/vc_column_text][\/vc_column][\/vc_row][vc_row full_width=&#8221;stretch_row&#8221; css=&#8221;.vc_custom_1514098997828{padding-top: 35px !important;padding-bottom: 62px !important;background-color: #f9f9f9 !important;}&#8221;][vc_column][vc_column_text]<\/p>\n<h1 style=\"color: #60ad2b!important; font-family: 'Museo300'!important; font-size: 16px; font-weight: 400!important;\">Marcas del <strong>Grupo CBC<\/strong><\/h1>\n<p>[\/vc_column_text]<div class=\"rs-partner  \">           \r\n\t\t\t\t\t<div class=\"partner-carousel owl-carousel\" data-carousel-options=\"{&quot;nav&quot;:true,&quot;navText&quot;:[&quot;&lt;i class=&#039;fa fa-angle-left&#039;&gt;&lt;\\\/i&gt;&quot;,&quot;&lt;i class=&#039;fa fa-angle-right&#039;&gt;&lt;\\\/i&gt;&quot;],&quot;dots&quot;:false,&quot;autoplay&quot;:true,&quot;autoplayTimeout&quot;:&quot;3000&quot;,&quot;autoplaySpeed&quot;:&quot;200&quot;,&quot;autoplayHoverPause&quot;:true,&quot;loop&quot;:true,&quot;margin&quot;:30,&quot;responsive&quot;:{&quot;0&quot;:{&quot;items&quot;:&quot;1&quot;},&quot;480&quot;:{&quot;items&quot;:&quot;2&quot;},&quot;768&quot;:{&quot;items&quot;:&quot;4&quot;},&quot;992&quot;:{&quot;items&quot;:&quot;4&quot;},&quot;1200&quot;:{&quot;items&quot;:&quot;4&quot;}}}\"><div class=\"partner-item\">\r\n\t\t\t\t<a href=\"http:\/\/www.cbcgroup.com.ar\/\" target=\"_blank\"><img decoding=\"async\" src=\"https:\/\/sindoh.com.ar\/wp-content\/uploads\/2020\/10\/Logo-Pantum.svg\" alt=\"Pantum\"><\/a>\r\n\t\t\t\t<\/div><div class=\"partner-item\">\r\n\t\t\t\t<a href=\"http:\/\/solucionesmastecnologia.com\/\" target=\"_blank\"><img decoding=\"async\" src=\"https:\/\/sindoh.com.ar\/wp-content\/uploads\/2017\/09\/Logo-Soluciones-mas-tecnologia-CBC.svg\" alt=\"Soluciones + Tecnolog\u00eda\"><\/a>\r\n\t\t\t\t<\/div><div class=\"partner-item\">\r\n\t\t\t\t<a href=\"http:\/\/sharppress.com.ar\/\" target=\"_blank\"><img decoding=\"async\" src=\"https:\/\/sindoh.com.ar\/wp-content\/uploads\/2017\/09\/Logo-Sharp.svg\" alt=\"Client 1\"><\/a>\r\n\t\t\t\t<\/div><\/div>\r\n\t<\/div>[\/vc_column][\/vc_row]<\/p>\n","protected":false},"excerpt":{"rendered":"<p>[vc_row full_width=&#8221;stretch_row_content_no_spaces&#8221; css=&#8221;.vc_custom_1603992752128{margin-top: 0px !important;margin-bottom: 0px !important;padding-top: 0px !important;padding-bottom: 0px !important;}&#8221;][vc_column css=&#8221;.vc_custom_1503251047476{margin-top: 0px !important;margin-bottom: 0px !important;}&#8221;][rev_slider_vc alias=&#8221;homepage2&#8243;][\/vc_column][\/vc_row][vc_row css=&#8221;.vc_custom_1602651304030{padding-top: 65px !important;padding-bottom:&#8230;<\/p>\n","protected":false},"author":1,"featured_media":0,"parent":0,"menu_order":0,"comment_status":"closed","ping_status":"closed","template":"","meta":{"inline_featured_image":false,"footnotes":""},"class_list":["post-1912","page","type-page","status-publish","hentry"],"_links":{"self":[{"href":"https:\/\/sindoh.com.ar\/index.php\/wp-json\/wp\/v2\/pages\/1912","targetHints":{"allow":["GET"]}}],"collection":[{"href":"https:\/\/sindoh.com.ar\/index.php\/wp-json\/wp\/v2\/pages"}],"about":[{"href":"https:\/\/sindoh.com.ar\/index.php\/wp-json\/wp\/v2\/types\/page"}],"author":[{"embeddable":true,"href":"https:\/\/sindoh.com.ar\/index.php\/wp-json\/wp\/v2\/users\/1"}],"replies":[{"embeddable":true,"href":"https:\/\/sindoh.com.ar\/index.php\/wp-json\/wp\/v2\/comments?post=1912"}],"version-history":[{"count":99,"href":"https:\/\/sindoh.com.ar\/index.php\/wp-json\/wp\/v2\/pages\/1912\/revisions"}],"predecessor-version":[{"id":6843,"href":"https:\/\/sindoh.com.ar\/index.php\/wp-json\/wp\/v2\/pages\/1912\/revisions\/6843"}],"wp:attachment":[{"href":"https:\/\/sindoh.com.ar\/index.php\/wp-json\/wp\/v2\/media?parent=1912"}],"curies":[{"name":"wp","href":"https:\/\/api.w.org\/{rel}","templated":true}]}}